ousands digit of a(0)?
1
Suppose -2*l - 10 = -4*l. Let o be l + (-1 - 2 - -4). Suppose -o*a + 144 = -144. What is the units digit of a?
8
Suppose -36181*z = -36164*z - 183685. What is the ten thousands digit of z?
1
Let x be 447*4/12*(-11 + 1). What is the tens digit of 3*(x/(-15) - 5)?
8
What is the units digit of ((-3865848)/77)/(-2) - ((-7)/77 + 0)?
3
Let u be (-1)/((-5)/23880) - 12/3. Suppose 3*o - 2*a - 3*a = u, 5*o + 2*a - 7912 = 0. What is the units digit of o?
4
Suppose -5*i + 2*u + 180 = 0, 3*i + i = -u + 144. Suppose 6*n - 24 = -i. Let x(q) = -6*q - 5. What is the units digit of x(n)?
7
What is the thousands digit of -4 + (15745 - 5/(-10)*0/3)?
5
Suppose 0 = -5*r + 24 - 14. Suppose 2*m - 1021 = -5*c + 3*m, r*m = 8. Suppose 5*v = -2*o + 348, -7*o + 2*o + c = 3*v. What is the tens digit of v?
7
Let l(w) = 168*w + 204. Let i be l(11). Suppose 5*b + 4*t = 3284, -2*t = 5*b - i - 1240. What is the hundreds digit of b?
6
Let t(f) = -71*f + 1353. What is the thousands digit of t(-16)?
2
Suppose -5*q + 7 = -8, -2*r + 5*q = -51. Suppose -16 = -41*h + r*h. Suppose h*k - 2*j = 462, 4*j + 471 = 2*k + 1. What is the tens digit of k?
2
Let b be ((-1 - -3) + -5)/((-3)/(-249)). Let y = -139 - b. What is the tens digit of y/((-72)/(-42) - (-4)/14)?
5
Let v be ((-30)/(-25) - 2)*(-14 + -1). Suppose 20*b = 24*b - v. Suppose -b*r + 16 = j, -r - 5*j + 23 = -1. What is the units digit of r?
4
Let k(b) = 26*b**2 - 29*b - 4. Let v be k(2). Suppose v*y - 27450 = -7626. What is the tens digit of y?
7
Suppose 5*q + 5*j - 2*j = 339, -5*j + 15 = 0. Let a = -34 + 19. Let d = a + q. What is the units digit of d?
1
Let k = -122 + -123. What is the units digit of (0 - -1)*(1 - k/5)?
0
Let i(o) = o**3 + 7*o**2 + 5*o - 5. Let y be i(-5). Let z be 18/3*(-3 - -4). Let q = z + y. What is the units digit of q?
6
Let p = 82 - 73. Suppose -1636 = -p*o + 731. What is the units digit of o?
3
Let v be 1045/15*54/3. Suppose v = 77*u - 74*u. What is the hundreds digit of u?
4
Let f be (-16)/6*((-15)/(-6) + -4). Suppose 0 = f*j - 4*t - 868, 3*j = 4*j + 4*t - 212. What is the hundreds digit of j?
2
Let g = 135512 - 92107. What is the tens digit of g?
0
Let k = 89 - 81. Suppose 4*t - 727 = -5*x, 2*t - k*x + 10*x = 366. Suppose o - 785 = -4*d, -o + 4*o - t = -d. What is the units digit of d?
7
Let m = -1585 - -2481. Suppose 6*f = -f + m. What is the hundreds digit of f?
1
Suppose -13*c + 148 = -112. What is the hundreds digit of 3336/c*3/((-6)/(-5))?
4
Let s(g) = 40*g**2 - 5*g - 25. Suppose -k - 4 = -z + 4, 5*z - 3*k = 38. What is the units digit of s(z)?
0
What is the units digit of (1 + (-8)/1)/(-26 - 5023933/(-193231))?
9
Suppose 3*p - 252 = 3*c, 0 = -2*c - 18*p + 13*p - 175. Let q = c - -975. What is the units digit of q?
0
Suppose 0 = p + 6*n - 5*n - 10, -10 = p - 4*n. What is the units digit of ((-718)/10)/(p/(-30))?
9
Let g = 1904 - 1230. Let q = -152 + g. What is the units digit of q?
2
Let a(q) = -q**3 - 8*q**2 + q + 10. Let i be a(-8). Suppose -i*o + 195 = 4*x + 3*o, 4*x + 3*o - 197 = 0. What is the tens digit of x?
5
Let k = 139 - 136. Let y(d) = 67*d - 4. What is the tens digit of y(k)?
9
Let r be (-22)/(-5) + 16/(-40). Let k(i) = 37*i**2 - 45*i - 2. What is the hundreds digit of k(r)?
4
Let z = 30684 + -22946. What is the units digit of z?
8
Let k(c) = 3*c**3 - 3*c**2 + 3*c - 1. Suppose -4*w - 11 = -15. Let l be k(w). What is the tens digit of 1/(4/(140*2)*l)?
3
Let x be (-3335 - 1)*(-5 - (0 - 4)). Suppose -18*w + x = -10*w. What is the tens digit of w?
1
Let s(t) = -t**2 - 15*t + 3111. Let a be s(0). Suppose -a - 3430 = -31*l. What is the tens digit of l?
1
Let h be (-6)/21*(-4)/(12/21). Suppose -h*v + 586 = 160. What is the hundreds digit of v?
2
Let i be ((3 - 3) + 1)*0 - -3. Let n = i - 3. Suppose -10 = -2*r + 2*a, n*r + 55 = 5*r + a. What is the tens digit of r?
1
What is the tens digit of 1131/78*(0 + 6/1)?
8
Suppose -3 = 3*h + 2*a - 6*a, 9 = 2*h + a. Suppose -4*k - h + 3 = 0. Suppose 0 = -k*r + 4*r - 268. What is the units digit of r?
7
What is the tens digit of (-431)/(-6)*(9 + 4 + -1)?
6
Suppose -220 = -14*y + 970. Suppose 0 = 5*n + 4*l + l + y, 0 = -n - 4*l - 14. Let c(m) = m**3 + 17*m**2 - 24*m + 1. What is the hundreds digit of c(n)?
1
Suppose 0 = -14*n + 9331 + 483. Suppose 2633 = 7*h + n. What is the hundreds digit of h?
2
Let o(r) be the second derivative of -r**5/10 - 11*r**4/3 - 15*r**3/2 - 5*r**2/2 - 79*r. What is the tens digit of o(-21)?
5
Let m(j) be the third derivative of 25*j**4/24 + 19*j**3/3 + 7*j**2 - 1. Let t = 3 - -2. What is the tens digit of m(t)?
6
Let o = -63 + 67. Suppose -o*m - 21 = -m + 4*g, 0 = 2*g - 6. Let z(j) = 4*j**2 + 27*j + 7. What is the tens digit of z(m)?
9
Suppose 0 = -5*d + 2*c + 13, -2*d - 2*d - 3*c + 15 = 0. Let a be ((-924)/9)/(-7) + 1/d. What is the tens digit of (-10)/a - (-296)/3?
9
Let u(k) = 1517*k**2 - 568*k + 3. What is the units digit of u(-6)?
3
Let v = 110 - 343. Let n = v + 109. Let d = -92 - n. What is the units digit of d?
2
Suppose 106*b - 100*b + 96 = 0. What is the units digit of 2805/136 + (-6)/b?
1
Suppose 4*z = 4*x, -5*z + 32 = 3*x + 8. Suppose 4*u - z*v = 1784 + 5303, -2*v - 8850 = -5*u. What is the tens digit of u?
6
Suppose -2*p + 76 = 5*q, -4*p + 161 - 9 = 3*q. Let u = 43 - p. Suppose 3*x - 97 = -m, 73 = m - u*x - 0*x. What is the tens digit of m?
8
What is the units digit of (-13 - -157)/(-18) + (11098 - -1)?
1
Suppose 3*o + 117 = -4*p, 13 + 26 = -p - 4*o. Let t = 27 + p. Suppose 4*j - 5*i + 0*i - 205 = t, -5*i = 2*j - 125. What is the units digit of j?
5
Let m(p) = p + 3. Let c be m(-1). Suppose 0 = 2*f + t - 393, 7*t = c*t - 25. Suppose -5*i = h - 4*i - f, i - 396 = -2*h. What is the units digit of h?
7
Let j(l) = 518*l**2 + 944*l - 7568. What is the hundreds digit of j(8)?
1
What is the tens digit of 19869/(-2 - (-15 - -10))?
2
Let r = 6 - 5. Let y be 15/6 + r/2. Suppose -y + 19 = 4*v. What is the units digit of v?
4
Suppose 3*b = 5*t + 43481, -5*t - 1974 - 12543 = -b. What is the tens digit of b?
8
Suppose 14898 = p + 4*d, 2*p + 50*d = 45*d + 29775. What is the thousands digit of p?
4
Let u be (3 - -14)*(-10 + 3). Let k be (-8)/(-14) - 54036/(-399). Let j = k + u. What is the tens digit of j?
1
What is the units digit of (-160 - -164) + 25465/1?
9
Suppose 134*j = 140*j - 54. Suppose 802 = 10*h - j*h. What is the hundreds digit of h?
8
Let t = 125 - -9. Suppose w + 240 = -5*l + 6*w, 2*w + t = -3*l. Let g = l - -154. What is the hundreds digit of g?
1
Let c be ((-162)/12)/((-2)/(-4)). Let r = c + 36. Suppose 0 = 5*x + r*x - 462. What is the units digit of x?
3
Suppose -3*l + 612 = 285. Let o = l + 216. What is the hundreds digit of o?
3
Suppose -5*q + 2*o - 79 = 0, 7 = -q + 5*o - 18. Let l be 20/105*q*-7. Let w(a) = 14*a - 32. What is the hundreds digit of w(l)?
2
Let h(u) = -u**3 + 5*u**2 + u + 6. Let q(r) = -17*r - 1 - r**3 + 35*r - 19*r + 4*r**2. Let l be q(3). What is the tens digit of h(l)?
1
Let t be (-3)/(-15)*5*-2. Let w be (1836/42)/(t/(-14)). Suppose 8*a + w = 1874. What is the hundreds digit of a?
1
What is the tens digit of (2116 - 258)/(2/5)?
4
Suppose 46*a = 623 + 1769. Suppose 1338 = a*l - 51*l. What is the units digit of l?
8
Let r be (-3)/9*(-2 - -5) - 48. What is the tens digit of (2/1)/(r/(-7742))?
1
Suppose -9 = 4*n - 3*a, 344 = -n - a + 333. Let s(m) = m**3 + 8*m**2 + 10*m + 6. Let u be s(-6). What is the hundreds digit of 1992/u + (-2)/n?
1
What is the tens digit of 1313 - (585/(-63) - (-8)/28)?
2
Suppose 332 - 1700 = -g. Suppose 2280 = 5*l + 4*h, 3*l = -0*h + 5*h + g. What is the hundreds digit of l?
4
Suppose j = 11556 + 174. What is the thousands digit of j?
1
What is the hundreds digit of (-8 - 1)/((-721)/1400182)?
4
Let c be (-1*6)/((-1 - -11)/(-5)). Suppose 0 = i - c*x - 821, x + 2*x - 15 = 0. What is the tens digit of i?
3
Let m(u) = -27*u - 1. Let j = -12 + 16. Suppose j*s + 15 = 7. What is the units digit of m(s)?
3
Let c = -203 + 291. What is the tens digit of (-4)/(-22) - 4*(-13372)/c?
0
Let d = 431 + -661. Let j = -137 - d. What is the units digit of j?
3
Suppose -5*n - 20 = -7*n. What is the hundreds digit of ((-1540)/(n - 6))/(-1)?
3
Let w = -85 + 89. Suppose w*z - 6 - 10 = 0. Suppose -6*a = -50 - z. What is the units digit of a?
9
Let b = 13577 + -7399. W